 - 6. Let r be a(5). Let o = 202 - r. Let h = 190 + -179. What is the highest common factor of h and o?
11
Let s = 313 - 2008. Let n be s/(-27) + 4/18. What is the highest common divisor of 7 and n?
7
Let o(h) = h**3 + 14*h**2 + 14. Let p be o(-14). Let g = 27 - p. Calculate the greatest common factor of g and 13.
13
Let f(i) = 6*i**2 - 2*i - 11. Let l be f(5). Let j = l + -30. What is the highest common factor of 9 and j?
9
Let g = 2693 + -1856. Calculate the highest common divisor of g and 31.
31
Let h be (-15 + 16)/((-1)/(-62)). Let f be (-2)/(-8) - (-1855)/20. What is the greatest common factor of f and h?
31
Let r be 0/(-15) + (69 - -1). What is the greatest common divisor of r and 4?
2
Let b be 3 - (1 + 3) - 78/(-6). Let f be 2 + -2 - (4 + -4). Let g = f + 3. Calculate the greatest common factor of g and b.
3
Suppose -4*z = 64 - 196. Let g = z - -5. What is the highest common divisor of 266 and g?
38
Let l = 192 - 172. What is the highest common divisor of l and 540?
20
Let y(f) = -4*f + 162. Let k be y(33). What is the highest common divisor of 195 and k?
15
Suppose 0 = -5*t + 13 + 12. Suppose -t*q - 5 = -20. Calculate the greatest common factor of 2 and q.
1
Let p be (-2)/(-6) + 195/9. Let t(c) = 5*c - 9. Let v be t(4). Let q = v + 22. Calculate the highest common factor of q and p.
11
Suppose 0 = 2*y + 3*n + 8, 3*n - 4*n - 12 = -4*y. Suppose 150 = 3*f + y*f. What is the greatest common divisor of 45 and f?
15
Let d be ((-11)/(-3))/((-1)/(-33)). Suppose 8*l + 32 = 120. What is the highest common factor of d and l?
11
Let h = 1424 - 1209. What is the highest common divisor of h and 15?
5
Let p be (((-27)/(-6))/(-1))/(33/(-44)). Calculate the greatest common divisor of p and 12.
6
Suppose -405 = -5*u + 65. What is the highest common factor of 47 and u?
47
Suppose 2*v - 3*d = v + 12, 6 = v - d. Suppose -15 = 2*l + v*l. Let n be l - -19 - (-2 - 0). What is the greatest common divisor of n and 45?
9
Suppose -5*z = s - 316, -s - 54 - 78 = -2*z. What is the highest common divisor of 120 and z?
8
Let r be ((-16110)/450)/(2/20*-2). Calculate the highest common divisor of r and 1.
1
Suppose -418*n + 419*n = 50. Calculate the highest common divisor of n and 2.
2
Suppose 80*n - 100 = 75*n. Suppose o - 45 = -5*i, -2*i + 27 = 2*o + 1. Calculate the highest common divisor of i and n.
4
Let c(m) = -229*m - 3. Let g be c(-2). Calculate the greatest common divisor of g and 35.
35
Suppose -3*n + 2*n = -33. Let g = 40 - n. What is the greatest common factor of 7 and g?
7
Let t = 501 + -225. Suppose 2*i = -5*v + 126, 4*i - 3*v + v = t. What is the greatest common divisor of 51 and i?
17
Suppose -7*v + 716 = 639. Suppose w = 3*q + 166, 0 = w + 5*q + 41 - 191. Suppose 5*a = w + 5. Calculate the highest common factor of v and a.
11
Suppose f - r = -2*r + 29, -57 = -2*f - r. What is the greatest common divisor of f and 8?
4
Suppose -2*c + 16 + 58 = 0. Let r be 7/(-21) + c/3 - 1. What is the highest common divisor of r and 176?
11
Suppose n + 1 - 4 = 0. Suppose 7*f - 48 = n*f. Let m be (1 - 3)*(-378)/f. What is the greatest common factor of m and 7?
7
Let i(y) = -136*y - 214. Let n be i(-6). What is the highest common factor of 14 and n?
14
Let f(b) = b**3 + 9*b**2 - 12*b - 7. Let g be f(-10). Calculate the highest common factor of g and 1651.
13
Suppose 0 = u, -i = 2*i + 4*u - 12. Suppose -y - 2*q + 48 = 3*q, -y + 43 = i*q. Calculate the highest common divisor of 115 and y.
23
Let z(y) = -2*y**2 + 17*y + 11. Let p be z(9). Let x be 85/p + 5/(-10). What is the highest common divisor of x and 210?
42
Suppose 4*d - 50 = -d. Suppose -3*v - 1 = -d. Suppose -y + 1 = h, 2*y + 2*h = -v*h - 1. What is the greatest common factor of 22 and y?
2
Suppose -947 = -5*m + 2*b, -946 = -17*m + 12*m + b. What is the greatest common factor of m and 81?
27
Let n = 5 - 2. Suppose u + 2*s - 8 = 1, -4*s + 16 = 0. Suppose -u = n*i - 7. What is the highest common factor of i and 10?
2
Let i(y) = -8*y - 36. Let w be i(7). Let f = w - -102. Calculate the highest common divisor of 20 and f.
10
Let s = 83 - 61. Suppose 0 = 3*h - 2*n - 140 - 578, -4*h = -5*n - 948. Calculate the greatest common divisor of s and h.
22
Let i be (480/(-1280))/((-5)/80). Suppose 2*q = -5*o - 0*q + 266, 5*o - 2*q = 274. Let d = o + -36. Calculate the greatest common divisor of i and d.
6
Let p(n) = -8*n - 49. Let o be p(-5). Let r be 50*15/(-10)*3/o. What is the highest common factor of 25 and r?
25
Suppose -2*q - 1120 = -6*q. Let c = 1301 + -1266. What is the greatest common divisor of q and c?
35
Let a(c) = c**2 - 3*c - 5. Let l be a(9). Let b = 26 - 18. Suppose b*x - 53 - 3 = 0. Calculate the greatest common factor of l and x.
7
Let h = -11 + 171. Suppose 4*d + 100 = 9*d. What is the highest common divisor of h and d?
20
Suppose -4*i - 1 - 3 = -5*o, -3*i = 2*o - 20. Let l be 4/(i/(-162)*-3). Suppose 7*h - h = 108. What is the highest common factor of l and h?
18
Let o(v) = v**3 + 5*v**2 + 2*v - 3. Let n be o(-4). Suppose -18 = n*y - 6*y. Suppose -p + y = 2*p. What is the highest common factor of 42 and p?
6
Let x = -9 + 21. Suppose -4 = 10*i - x*i. Suppose 0 = 5*g - q - 60, i*g + 5*q + 4 = 1. Calculate the highest common divisor of 99 and g.
11
Let q = 183 - 106. Suppose 3*j = -3*g + 15, 0 = 5*j - j - g - 30. Calculate the greatest common factor of q and j.
7
Suppose 0 = -5*x + 2*y + 75, 4*x - y = -6*y + 60. Let u be 2/(-3) + 1990/x + 1. What is the highest common factor of 19 and u?
19
Let t be (-8)/(-14) - (33704/(-28))/11. What is the greatest common factor of t and 165?
55
Let y = 211 - 117. Suppose o - 11*o = -7*o. Suppose -5*m + 56 + y = o. What is the highest common factor of m and 20?
10
Let w(g) = g**3 + 3*g**2 - 11*g - 1. Let s be w(-5). Let i be 6 + s*5/20. Calculate the highest common factor of i and 1.
1
Let b = 11 + -21. Let l be -32 + -1 - (-30)/b. Let n = l + 53. What is the highest common factor of 153 and n?
17
Suppose 0 = -5*z + 4*t + 2974, z + 40 = 5*t + 639. What is the highest common divisor of 36 and z?
18
Suppose -3*t + 899 = m, 3*m - 1671 = -2*t + 1019. What is the highest common factor of 7 and m?
7
Let d be 1/(1/(-463) - 0). Suppose -q - q = -c + 658, -q - 3*c - 343 = 0. Let l = q - d. Calculate the greatest common divisor of l and 22.
22
Suppose 6*a - 22*a + 12000 = 0. Suppose -9*u - a = -19*u. What is the highest common divisor of u and 15?
15
Let x(h) = 21*h**3 - 2*h**2 + 3*h - 1. Let n be x(2). Suppose -2*b + 3*m = 389 - 428, 69 = 5*b + 2*m. What is the highest common factor of n and b?
15
Let u(m) be the first derivative of m**4/4 + 8*m**3/3 + m**2/2 + 18*m + 13. Let v be u(-8). Calculate the highest common divisor of 80 and v.
10
Let n be -2*(-4 + 0)/4. Suppose 12 - n = x. Let l = x - -2. Calculate the greatest common divisor of l and 60.
12
Suppose -8*s = 54 + 42. Let c be (8/s - -1)*66. What is the highest common factor of 66 and c?
22
Let c = -1 + -2. Let o be (12 - 5)/(c*2/(-162)). What is the highest common factor of 21 and o?
21
Let j(o) = -9*o**2 + 83*o - 5. Let h be j(9). What is the highest common factor of h and 767?
13
Suppose -2*n - 23 = -383. Let s be ((-2)/(-4))/(6/n). Suppose -3*p = -t + s, t + 3*p - 4*p - 25 = 0. What is the highest common factor of 15 and t?
15
Let a(q) = 23*q - 11. Let l be a(7). Calculate the highest common factor of 75 and l.
75
Let c be (-273)/(-5) - 6/(-15). Let m = c + -24. What is the highest common divisor of 155 and m?
31
Let l(c) = c**3 + 5*c**2 + c + 5. Let b be l(-3). Calculate the greatest common divisor of 40 and b.
20
Let o(r) = r**2 + r + 93. Let a be o(0). Suppose -u + 3*u - 5*p - 114 = 0, 4*u = 4*p + 240. What is the highest common divisor of u and a?
31
Let k = 1370 + -1258. What is the greatest common divisor of k and 128?
16
Suppose 4*x = -5*a + 3*x + 2100, 5*x + 1260 = 3*a. What is the greatest common divisor of a and 5?
5
Suppose -19*c + 375 = 14. Calculate the highest common factor of c and 589.
19
Let v be ((-5)/5)/((-1)/65). Let p be (4 - -2)/((-27)/(-117)). What is the highest common factor of v and p?
13
Let h(p) = -p**2 - 7*p - 6. Let o be h(-5). Suppose -3*g - 3*w + 54 = 0, -o*g + 4*w + 5 = -27. What is the highest common factor of 104 and g?
13
Suppose -4*s - 667 = 15*i - 18*i, 5*i - 1131 = -3*s. What is the 